{"id":81,"date":"2022-07-26T22:08:17","date_gmt":"2022-07-27T01:08:17","guid":{"rendered":"http:\/\/localhost\/etiquetasroupas\/?page_id=81"},"modified":"2022-07-26T22:08:17","modified_gmt":"2022-07-27T01:08:17","slug":"etiquetas-personalizadas","status":"publish","type":"page","link":"https:\/\/www.ffetiquetas.com.br\/blog\/etiquetas-personalizadas\/","title":{"rendered":"Etiquetas personalizadas"},"content":{"rendered":"\n<p><strong>R\u00f3tulos personalizados<\/strong> s\u00e3o tags ou etiquetas adesivas feitos totalmente customizados para o seu uso. Seja ele para identificar seu produto ou alertar o consumidor final, a finalidade \u00e9 uma s\u00f3: <strong>agregar valor ao seu neg\u00f3cio<\/strong>. O segredo da etiqueta personalizada bem feita est\u00e1 em identificar a sua fun\u00e7\u00e3o, e para isso \u00e9 preciso pensar em fatores importantes, como: exposi\u00e7\u00e3o \u00e0 intemp\u00e9ries, quantidade de cola necess\u00e1ria, informa\u00e7\u00f5es contidas, apresenta\u00e7\u00e3o da sua logomarca, uso do material correto etc..<\/p>\n\n\n\n<h2 class=\"wp-block-heading\">Que tipo de etiqueta \u00e9 poss\u00edvel personalizar<\/h2>\n\n\n\n<p>\u00c9 poss\u00edvel personalizar r\u00f3tulos e etiquetas em diversos materiais, cada um com sua utilidade e finalidade, desde tags at\u00e9 etiquetas de transfer. Dentre eles, temos:<\/p>\n\n\n\n<ul class=\"wp-block-list\"><li>Papel couch\u00e9 fosco ou brilho<\/li><li>Papel couch\u00e9 adesivo<\/li><li>Papel triplex 300g<\/li><li>BOPP adesivo transparente<\/li><li>BOPP Adesivo branco fosco ou brilho<\/li><li>Laminado adesivo ouro ou prata<\/li><li>Poli\u00e9ster adesivo ouro ou prata<\/li><li>Vinil adesivo<\/li><\/ul>\n\n\n\n<figure class=\"wp-block-image alignwide size-large\"><img decoding=\"async\" src=\"http:\/\/www.ffetiquetas.com.br\/wp-content\/uploads\/2022\/08\/000-1024x364.jpg\" alt=\"cria\u00e7\u00e3o de etiquetas personalizadas\" class=\"wp-image-602\"\/><\/figure>\n\n\n\n<h2 class=\"wp-block-heading\">Quais s\u00e3o as personaliza\u00e7\u00f5es e acabamentos poss\u00edveis<\/h2>\n\n\n\n<figure class=\"wp-block-table is-style-regular\"><table class=\"has-background\" style=\"background-color:#f3f4f5\"><thead><tr><th class=\"has-text-align-left\" data-align=\"left\"> <\/th><th class=\"has-text-align-center\" data-align=\"center\">Tag<\/th><th class=\"has-text-align-center\" data-align=\"center\">Adesivo<\/th><th class=\"has-text-align-center\" data-align=\"center\">Interna (nylon)<\/th><th class=\"has-text-align-center\" data-align=\"center\">Transfer<\/th><\/tr><\/thead><tbody><tr><td class=\"has-text-align-left\" data-align=\"left\">Impress\u00e3o frente &amp; verso<\/td><td class=\"has-text-align-center\" data-align=\"center\"><\/td><td class=\"has-text-align-center\" data-align=\"center\"><\/td><td class=\"has-text-align-center\" data-align=\"center\"><\/td><td class=\"has-text-align-center\" data-align=\"center\"><\/td><\/tr><tr><td class=\"has-text-align-left\" data-align=\"left\">Verniz UV localizado<\/td><td class=\"has-text-align-center\" data-align=\"center\"><\/td><td class=\"has-text-align-center\" data-align=\"center\"><\/td><td class=\"has-text-align-center\" data-align=\"center\"><img decoding=\"async\" src=\"http:\/\/www.ffetiquetas.com.br\/wp-content\/uploads\/2020\/06\/fail.png\" alt=\"\"><\/td><td class=\"has-text-align-center\" data-align=\"center\"><img decoding=\"async\" src=\"http:\/\/www.ffetiquetas.com.br\/wp-content\/uploads\/2020\/06\/fail.png\" alt=\"\"><\/td><\/tr><tr><td class=\"has-text-align-left\" data-align=\"left\">Lamina\u00e7\u00e3o<\/td><td class=\"has-text-align-center\" data-align=\"center\"><img decoding=\"async\" src=\"http:\/\/www.ffetiquetas.com.br\/wp-content\/uploads\/2020\/06\/check.png\" alt=\"\"><\/td><td class=\"has-text-align-center\" data-align=\"center\"><img decoding=\"async\" src=\"http:\/\/www.ffetiquetas.com.br\/wp-content\/uploads\/2020\/06\/check.png\" alt=\"\"><\/td><td class=\"has-text-align-center\" data-align=\"center\"><img decoding=\"async\" src=\"http:\/\/www.ffetiquetas.com.br\/wp-content\/uploads\/2020\/06\/fail.png\" alt=\"\"><\/td><td class=\"has-text-align-center\" data-align=\"center\"><img decoding=\"async\" src=\"http:\/\/www.ffetiquetas.com.br\/wp-content\/uploads\/2020\/06\/fail.png\" alt=\"\"><\/td><\/tr><tr><td class=\"has-text-align-left\" data-align=\"left\">Tinta branca<\/td><td class=\"has-text-align-center\" data-align=\"center\"><img decoding=\"async\" src=\"http:\/\/www.ffetiquetas.com.br\/wp-content\/uploads\/2020\/06\/check.png\" alt=\"\"><\/td><td class=\"has-text-align-center\" data-align=\"center\"><img decoding=\"async\" src=\"http:\/\/www.ffetiquetas.com.br\/wp-content\/uploads\/2020\/06\/check.png\" alt=\"\"><\/td><td class=\"has-text-align-center\" data-align=\"center\"><img decoding=\"async\" src=\"http:\/\/www.ffetiquetas.com.br\/wp-content\/uploads\/2020\/06\/check.png\" alt=\"\"><\/td><td class=\"has-text-align-center\" data-align=\"center\"><img decoding=\"async\" src=\"http:\/\/www.ffetiquetas.com.br\/wp-content\/uploads\/2020\/06\/check.png\" alt=\"\"><\/td><\/tr><tr><td class=\"has-text-align-left\" data-align=\"left\">Entrega em bobinas<\/td><td class=\"has-text-align-center\" data-align=\"center\"><img decoding=\"async\" src=\"http:\/\/www.ffetiquetas.com.br\/wp-content\/uploads\/2020\/06\/check.png\" alt=\"\"><\/td><td class=\"has-text-align-center\" data-align=\"center\"><img decoding=\"async\" src=\"http:\/\/www.ffetiquetas.com.br\/wp-content\/uploads\/2020\/06\/check.png\" alt=\"\"><\/td><td class=\"has-text-align-center\" data-align=\"center\"><img decoding=\"async\" src=\"http:\/\/www.ffetiquetas.com.br\/wp-content\/uploads\/2020\/06\/check.png\" alt=\"\"><\/td><td class=\"has-text-align-center\" data-align=\"center\"><img decoding=\"async\" src=\"http:\/\/www.ffetiquetas.com.br\/wp-content\/uploads\/2020\/06\/check.png\" alt=\"\"><\/td><\/tr><tr><td class=\"has-text-align-left\" data-align=\"left\">Entrega em folhas<\/td><td class=\"has-text-align-center\" data-align=\"center\"><img decoding=\"async\" src=\"http:\/\/www.ffetiquetas.com.br\/etiquetasroupas\/wp-content\/uploads\/2020\/06\/fail.png\" alt=\"\"><img decoding=\"async\" src=\"http:\/\/www.ffetiquetas.com.br\/wp-content\/uploads\/2020\/06\/check.png\" alt=\"\"><\/td><td class=\"has-text-align-center\" data-align=\"center\"><img decoding=\"async\" src=\"http:\/\/www.ffetiquetas.com.br\/wp-content\/uploads\/2020\/06\/check.png\" alt=\"\"><\/td><td class=\"has-text-align-center\" data-align=\"center\"><img decoding=\"async\" src=\"http:\/\/www.ffetiquetas.com.br\/wp-content\/uploads\/2020\/06\/fail.png\" alt=\"\"><\/td><td class=\"has-text-align-center\" data-align=\"center\"><img decoding=\"async\" src=\"http:\/\/www.ffetiquetas.com.br\/wp-content\/uploads\/2020\/06\/check.png\" alt=\"\"><\/td><\/tr><tr><td class=\"has-text-align-left\" data-align=\"left\">Entrega em unid. soltas<\/td><td class=\"has-text-align-center\" data-align=\"center\"><img decoding=\"async\" src=\"http:\/\/www.ffetiquetas.com.br\/wp-content\/uploads\/2020\/06\/check.png\" alt=\"\"><\/td><td class=\"has-text-align-center\" data-align=\"center\"><img decoding=\"async\" src=\"http:\/\/www.ffetiquetas.com.br\/wp-content\/uploads\/2020\/06\/check.png\" alt=\"\"><\/td><td class=\"has-text-align-center\" data-align=\"center\"><img decoding=\"async\" src=\"http:\/\/www.ffetiquetas.com.br\/wp-content\/uploads\/2020\/06\/check.png\" alt=\"\"><\/td><td class=\"has-text-align-center\" data-align=\"center\"><img decoding=\"async\" src=\"http:\/\/www.ffetiquetas.com.br\/wp-content\/uploads\/2020\/06\/check.png\" alt=\"\"><\/td><\/tr><tr><td class=\"has-text-align-left\" data-align=\"left\">Dados vari\u00e1veis<\/td><td class=\"has-text-align-center\" data-align=\"center\"><img decoding=\"async\" src=\"http:\/\/www.ffetiquetas.com.br\/wp-content\/uploads\/2020\/06\/check.png\" alt=\"\"><\/td><td class=\"has-text-align-center\" data-align=\"center\"><img decoding=\"async\" src=\"http:\/\/www.ffetiquetas.com.br\/wp-content\/uploads\/2020\/06\/check.png\" alt=\"\"><\/td><td class=\"has-text-align-center\" data-align=\"center\"><img decoding=\"async\" src=\"http:\/\/www.ffetiquetas.com.br\/wp-content\/uploads\/2020\/06\/check.png\" alt=\"\"><\/td><td class=\"has-text-align-center\" data-align=\"center\"><img decoding=\"async\" src=\"http:\/\/www.ffetiquetas.com.br\/wp-content\/uploads\/2020\/06\/fail.png\" alt=\"\"><\/td><\/tr><\/tbody><\/table><\/figure>\n\n\n\n<h2 class=\"wp-block-heading\">Alguns modelos<\/h2>\n\n\n<p>[smartslider3 slider=&#8221;3&#8243;]<\/p>\n","protected":false},"excerpt":{"rendered":"<p>R\u00f3tulos personalizados s\u00e3o tags ou etiquetas adesivas feitos totalmente customizados para o seu uso. Seja ele para identificar seu produto ou alertar o consumidor final, a finalidade \u00e9 uma s\u00f3: agregar valor ao seu neg\u00f3cio. O segredo da etiqueta personalizada bem feita est\u00e1 em identificar a sua fun\u00e7\u00e3o, e para isso \u00e9 preciso pensar em &hellip; <\/p>\n","protected":false},"author":1,"featured_media":577,"parent":0,"menu_order":0,"comment_status":"closed","ping_status":"closed","template":"","meta":{"footnotes":""},"class_list":["post-81","page","type-page","status-publish","has-post-thumbnail","hentry","latest_post"],"yoast_head":"<!-- This site is optimized with the Yoast SEO plugin v23.0 - https:\/\/yoast.com\/wordpress\/plugins\/seo\/ -->\n<title>Etiquetas personalizadas - Blog | F&amp;F Etiquetas<\/title>\n<meta name=\"description\" content=\"Etiquetas personalizadas de todos os materiais e formatos. Tags, r\u00f3tulos adesivos, nylon ou cetim. Mais de 25 anos de ramo de impress\u00e3o gr\u00e1fica.\" \/>\n<meta name=\"robots\" content=\"index, follow, max-snippet:-1, max-image-preview:large, max-video-preview:-1\" \/>\n<link rel=\"canonical\" href=\"https:\/\/www.ffetiquetas.com.br\/blog\/etiquetas-personalizadas\/\" \/>\n<meta property=\"og:locale\" content=\"pt_BR\" \/>\n<meta property=\"og:type\" content=\"article\" \/>\n<meta property=\"og:title\" content=\"Etiquetas personalizadas - Blog | F&amp;F Etiquetas\" \/>\n<meta property=\"og:description\" content=\"Etiquetas personalizadas de todos os materiais e formatos. Tags, r\u00f3tulos adesivos, nylon ou cetim. Mais de 25 anos de ramo de impress\u00e3o gr\u00e1fica.\" \/>\n<meta property=\"og:url\" content=\"https:\/\/www.ffetiquetas.com.br\/blog\/etiquetas-personalizadas\/\" \/>\n<meta property=\"og:site_name\" content=\"Blog | F&amp;F Etiquetas\" \/>\n<meta name=\"twitter:card\" content=\"summary_large_image\" \/>\n<meta name=\"twitter:label1\" content=\"Est. tempo de leitura\" \/>\n\t<meta name=\"twitter:data1\" content=\"7 minutos\" \/>\n<script type=\"application\/ld+json\" class=\"yoast-schema-graph\">{\"@context\":\"https:\/\/schema.org\",\"@graph\":[{\"@type\":\"WebPage\",\"@id\":\"https:\/\/www.ffetiquetas.com.br\/blog\/etiquetas-personalizadas\/\",\"url\":\"https:\/\/www.ffetiquetas.com.br\/blog\/etiquetas-personalizadas\/\",\"name\":\"Etiquetas personalizadas - Blog | F&amp;F Etiquetas\",\"isPartOf\":{\"@id\":\"https:\/\/www.ffetiquetas.com.br\/blog\/#website\"},\"primaryImageOfPage\":{\"@id\":\"https:\/\/www.ffetiquetas.com.br\/blog\/etiquetas-personalizadas\/#primaryimage\"},\"image\":{\"@id\":\"https:\/\/www.ffetiquetas.com.br\/blog\/etiquetas-personalizadas\/#primaryimage\"},\"thumbnailUrl\":\"\",\"datePublished\":\"2022-07-27T01:08:17+00:00\",\"dateModified\":\"2022-07-27T01:08:17+00:00\",\"description\":\"Etiquetas personalizadas de todos os materiais e formatos. Tags, r\u00f3tulos adesivos, nylon ou cetim. Mais de 25 anos de ramo de impress\u00e3o gr\u00e1fica.\",\"breadcrumb\":{\"@id\":\"https:\/\/www.ffetiquetas.com.br\/blog\/etiquetas-personalizadas\/#breadcrumb\"},\"inLanguage\":\"pt-BR\",\"potentialAction\":[{\"@type\":\"ReadAction\",\"target\":[\"https:\/\/www.ffetiquetas.com.br\/blog\/etiquetas-personalizadas\/\"]}]},{\"@type\":\"ImageObject\",\"inLanguage\":\"pt-BR\",\"@id\":\"https:\/\/www.ffetiquetas.com.br\/blog\/etiquetas-personalizadas\/#primaryimage\",\"url\":\"\",\"contentUrl\":\"\"},{\"@type\":\"BreadcrumbList\",\"@id\":\"https:\/\/www.ffetiquetas.com.br\/blog\/etiquetas-personalizadas\/#breadcrumb\",\"itemListElement\":[{\"@type\":\"ListItem\",\"position\":1,\"name\":\"In\u00edcio\",\"item\":\"https:\/\/www.ffetiquetas.com.br\/blog\/\"},{\"@type\":\"ListItem\",\"position\":2,\"name\":\"Etiquetas personalizadas\"}]},{\"@type\":\"WebSite\",\"@id\":\"https:\/\/www.ffetiquetas.com.br\/blog\/#website\",\"url\":\"https:\/\/www.ffetiquetas.com.br\/blog\/\",\"name\":\"Blog | F&amp;F Etiquetas\",\"description\":\"\",\"publisher\":{\"@id\":\"https:\/\/www.ffetiquetas.com.br\/blog\/#organization\"},\"potentialAction\":[{\"@type\":\"SearchAction\",\"target\":{\"@type\":\"EntryPoint\",\"urlTemplate\":\"https:\/\/www.ffetiquetas.com.br\/blog\/?s={search_term_string}\"},\"query-input\":\"required name=search_term_string\"}],\"inLanguage\":\"pt-BR\"},{\"@type\":\"Organization\",\"@id\":\"https:\/\/www.ffetiquetas.com.br\/blog\/#organization\",\"name\":\"Blog | F&amp;F Etiquetas\",\"url\":\"https:\/\/www.ffetiquetas.com.br\/blog\/\",\"logo\":{\"@type\":\"ImageObject\",\"inLanguage\":\"pt-BR\",\"@id\":\"https:\/\/www.ffetiquetas.com.br\/blog\/#\/schema\/logo\/image\/\",\"url\":\"https:\/\/www.ffetiquetas.com.br\/blog\/wp-content\/uploads\/2024\/07\/logo-1-2.png\",\"contentUrl\":\"https:\/\/www.ffetiquetas.com.br\/blog\/wp-content\/uploads\/2024\/07\/logo-1-2.png\",\"width\":820,\"height\":200,\"caption\":\"Blog | F&amp;F Etiquetas\"},\"image\":{\"@id\":\"https:\/\/www.ffetiquetas.com.br\/blog\/#\/schema\/logo\/image\/\"}}]}<\/script>\n<!-- \/ Yoast SEO plugin. -->","yoast_head_json":{"title":"Etiquetas personalizadas - Blog | F&amp;F Etiquetas","description":"Etiquetas personalizadas de todos os materiais e formatos. Tags, r\u00f3tulos adesivos, nylon ou cetim. Mais de 25 anos de ramo de impress\u00e3o gr\u00e1fica.","robots":{"index":"index","follow":"follow","max-snippet":"max-snippet:-1","max-image-preview":"max-image-preview:large","max-video-preview":"max-video-preview:-1"},"canonical":"https:\/\/www.ffetiquetas.com.br\/blog\/etiquetas-personalizadas\/","og_locale":"pt_BR","og_type":"article","og_title":"Etiquetas personalizadas - Blog | F&amp;F Etiquetas","og_description":"Etiquetas personalizadas de todos os materiais e formatos. Tags, r\u00f3tulos adesivos, nylon ou cetim. Mais de 25 anos de ramo de impress\u00e3o gr\u00e1fica.","og_url":"https:\/\/www.ffetiquetas.com.br\/blog\/etiquetas-personalizadas\/","og_site_name":"Blog | F&amp;F Etiquetas","twitter_card":"summary_large_image","twitter_misc":{"Est. tempo de leitura":"7 minutos"},"schema":{"@context":"https:\/\/schema.org","@graph":[{"@type":"WebPage","@id":"https:\/\/www.ffetiquetas.com.br\/blog\/etiquetas-personalizadas\/","url":"https:\/\/www.ffetiquetas.com.br\/blog\/etiquetas-personalizadas\/","name":"Etiquetas personalizadas - Blog | F&amp;F Etiquetas","isPartOf":{"@id":"https:\/\/www.ffetiquetas.com.br\/blog\/#website"},"primaryImageOfPage":{"@id":"https:\/\/www.ffetiquetas.com.br\/blog\/etiquetas-personalizadas\/#primaryimage"},"image":{"@id":"https:\/\/www.ffetiquetas.com.br\/blog\/etiquetas-personalizadas\/#primaryimage"},"thumbnailUrl":"","datePublished":"2022-07-27T01:08:17+00:00","dateModified":"2022-07-27T01:08:17+00:00","description":"Etiquetas personalizadas de todos os materiais e formatos. Tags, r\u00f3tulos adesivos, nylon ou cetim. Mais de 25 anos de ramo de impress\u00e3o gr\u00e1fica.","breadcrumb":{"@id":"https:\/\/www.ffetiquetas.com.br\/blog\/etiquetas-personalizadas\/#breadcrumb"},"inLanguage":"pt-BR","potentialAction":[{"@type":"ReadAction","target":["https:\/\/www.ffetiquetas.com.br\/blog\/etiquetas-personalizadas\/"]}]},{"@type":"ImageObject","inLanguage":"pt-BR","@id":"https:\/\/www.ffetiquetas.com.br\/blog\/etiquetas-personalizadas\/#primaryimage","url":"","contentUrl":""},{"@type":"BreadcrumbList","@id":"https:\/\/www.ffetiquetas.com.br\/blog\/etiquetas-personalizadas\/#breadcrumb","itemListElement":[{"@type":"ListItem","position":1,"name":"In\u00edcio","item":"https:\/\/www.ffetiquetas.com.br\/blog\/"},{"@type":"ListItem","position":2,"name":"Etiquetas personalizadas"}]},{"@type":"WebSite","@id":"https:\/\/www.ffetiquetas.com.br\/blog\/#website","url":"https:\/\/www.ffetiquetas.com.br\/blog\/","name":"Blog | F&amp;F Etiquetas","description":"","publisher":{"@id":"https:\/\/www.ffetiquetas.com.br\/blog\/#organization"},"potentialAction":[{"@type":"SearchAction","target":{"@type":"EntryPoint","urlTemplate":"https:\/\/www.ffetiquetas.com.br\/blog\/?s={search_term_string}"},"query-input":"required name=search_term_string"}],"inLanguage":"pt-BR"},{"@type":"Organization","@id":"https:\/\/www.ffetiquetas.com.br\/blog\/#organization","name":"Blog | F&amp;F Etiquetas","url":"https:\/\/www.ffetiquetas.com.br\/blog\/","logo":{"@type":"ImageObject","inLanguage":"pt-BR","@id":"https:\/\/www.ffetiquetas.com.br\/blog\/#\/schema\/logo\/image\/","url":"https:\/\/www.ffetiquetas.com.br\/blog\/wp-content\/uploads\/2024\/07\/logo-1-2.png","contentUrl":"https:\/\/www.ffetiquetas.com.br\/blog\/wp-content\/uploads\/2024\/07\/logo-1-2.png","width":820,"height":200,"caption":"Blog | F&amp;F Etiquetas"},"image":{"@id":"https:\/\/www.ffetiquetas.com.br\/blog\/#\/schema\/logo\/image\/"}}]}},"_links":{"self":[{"href":"https:\/\/www.ffetiquetas.com.br\/blog\/wp-json\/wp\/v2\/pages\/81","targetHints":{"allow":["GET"]}}],"collection":[{"href":"https:\/\/www.ffetiquetas.com.br\/blog\/wp-json\/wp\/v2\/pages"}],"about":[{"href":"https:\/\/www.ffetiquetas.com.br\/blog\/wp-json\/wp\/v2\/types\/page"}],"author":[{"embeddable":true,"href":"https:\/\/www.ffetiquetas.com.br\/blog\/wp-json\/wp\/v2\/users\/1"}],"replies":[{"embeddable":true,"href":"https:\/\/www.ffetiquetas.com.br\/blog\/wp-json\/wp\/v2\/comments?post=81"}],"version-history":[{"count":0,"href":"https:\/\/www.ffetiquetas.com.br\/blog\/wp-json\/wp\/v2\/pages\/81\/revisions"}],"wp:featuredmedia":[{"embeddable":true,"href":"https:\/\/www.ffetiquetas.com.br\/blog\/wp-json\/"}],"wp:attachment":[{"href":"https:\/\/www.ffetiquetas.com.br\/blog\/wp-json\/wp\/v2\/media?parent=81"}],"curies":[{"name":"wp","href":"https:\/\/api.w.org\/{rel}","templated":true}]}}